t + 10 = -4*p + m*p. Let i(q) = 2 - 1 + 0*q**2 - q - t*q**2. Determine i(1).
-2
Let j(x) = -x + 9. Let o(z) = z**2 + 13*z - 4. Let h be o(-10). Let d = -30 - h. Determine j(d).
5
Let t(l) = -1397*l - 1394*l + 2794*l. Determine t(-6).
-18
Let w(c) = c**3 - 4*c**2 - 4*c + 1. Let z be 3 + 7/(14/(-12)). Let p be 2 - (z + 0/4). What is w(p)?
6
Let o(j) = -j**3 + j**2 - 7*j**2 - 8*j + 3*j - 4 + 10. Determine o(-5).
6
Let b(x) = -x + 6. Let l be b(6). Suppose l = f - 4*n - 15 + 6, -2*f + 9 = n. Suppose f*q - 40 + 15 = 0. Let a(g) = g**2 - 5*g + 6. Calculate a(q).
6
Let y(u) = -6*u**3 - u - 2. Let d be y(-1). Suppose 4*g = -d*t - 48, -4*g - 10 = -2*g - t. Let i(k) = 0*k - 3 + k**2 + 2 + 6*k. Determine i(g).
6
Let k(o) = 19*o + 1. Let h be (-218)/(-12) - (-5)/(-30). Let b = 17 - h. Calculate k(b).
-18
Let c be 2 + 5 - (-5 + 17 + -6). Let n(q) = 0*q**2 - 1 - 2*q**2 - 4*q**2. Give n(c).
-7
Let j(r) be the first derivative of 3/2*r**2 + 5*r + 1. Suppose 4*x + 131 = 115. Determine j(x).
-7
Let z(q) = q**2 - 6*q + 7. Let o = 46 - 24. Let p be (36/10)/(o/55). Let i be (p/(-2))/(3/(-4)). Determine z(i).
7
Let j(r) = -13*r + 2 - 9*r + 3 + 21*r. Let i be j(1). Let t(z) = 1 + z + 0 - 4. Calculate t(i).
1
Let d(n) = n**2 + 11*n + 2. Let u be d(-12). Let c = u - 13. Let m be (2/(-5))/(c/15). Let a(l) = -l**3 - 5*l**2 + 8*l + 8. What is a(m)?
-4
Let y = -233 + 239. Let m(h) be the second derivative of h**3/3 - 5*h**2/2 + 2*h. Determine m(y).
7
Suppose -401 + 376 = -5*d. Let t(p) = -3*p**2 - 6*p + 2. Let y(x) = x**2 - 1. Let l(s) = t(s) + 4*y(s). Calculate l(d).
-7
Suppose 750*q - 745*q + 15 = 0. Let j(m) = -m**2 - 4*m - 5. Determine j(q).
-2
Suppose -7 - 3 = -5*a. Let q = 562 - 558. Let u(n) = -5*n**2 + 2*n**a + 7*n + q*n**2 + 5 + 0. Determine u(-7).
5
Let q be (-10)/(3 + -1)*1. Let w(c) = 2*c - 5. Let v(t) = t**2 + 3*t + 5. Let x(a) = v(a) + w(a). Give x(q).
0
Let a(w) = -w**2 + 9*w. Let d be a(9). Suppose 2*h + h - 21 = d. Let g(z) = -z**2 + 8*z - 10. Calculate g(h).
-3
Let b be ((-4)/10)/((-1)/(-5)). Let p(y) = 2 - 85*y**2 - 9*y + 11*y + 83*y**2. What is p(b)?
-10
Let h(p) = -p - 4. Let x be (20/(-12)*3)/(10/(-12)). Suppose 0 = -q - 3*j - 0 + x, 5*q = 4*j - 8. Determine h(q).
-4
Suppose -4*h + 3 - 11 = 0. Suppose 10*g + 9 = -3*b + 5*g, 3*b + 3 = -3*g. Let z = h - b. Let i(f) = -f - 4. Determine i(z).
0
Let z(o) = o**2 - 6*o + 4. Suppose -18 = -u - 6. Suppose j = 4*j - u. What is z(j)?
-4
Let p = 2376 - 2398. Let h(n) = -3*n - 67. What is h(p)?
-1
Let z(p) = 4*p + 5. Let i(j) = -j - 1. Let f(q) = -6*i(q) - z(q). Let y be f(-3). Let a(u) = -3*u**3 + 3*u + 2*u**3 + 6 + 2*u**2 + 3*u - 6*u**2. What is a(y)?
1
Suppose -n = 3*r + 4 + 2, -5*r + 7 = -4*n. Let l be (-6 + 3)/(r - (-10)/4). Let p(d) = -d**2 + 2*d + 3. Give p(l).
-5
Suppose -n + 7 = -16. Let w = -18 + n. Suppose w*d + 4 = 3*d. Let l(s) = -7*s + 1. What is l(d)?
15
Let p(n) be the first derivative of -n**3/3 - 23*n - 91. Determine p(0).
-23
Let d(l) = -l**2 - 5*l - 3. Suppose -5*o - 13 = -3*x + 8, 4*o = 2*x - 16. Let a be d(o). Let w(b) = -a*b - 4*b + 4*b - b**2 + 6 + 4*b. Determine w(5).
-14
Let g(k) = -2*k**2 + k - 1. Let b be (-1)/(9/27 - 2/3). Suppose -b = -y, -2*d - d + 4*y = 6. Give g(d).
-7
Let h(n) = -n**2 + 12*n + 1. Let w be h(5). Let t be (-20)/(-6)*w/30. Let x(a) = -t + a**2 + 12*a + 0 - 8*a. Determine x(-5).
1
Let a(d) = -8*d + 3. Let b be -6 + 10 - (1 - -3)/2. Suppose -u = 4*p - 2 - 5, 0 = b*p - u - 5. Determine a(p).
-13
Let h(l) = 53*l + 26. Let a(r) = 10*r + 5. Let i(n) = 11*a(n) - 2*h(n). Calculate i(7).
31
Suppose -26*l - 8*l = -34. Let j(q) = 48*q. What is j(l)?
48
Let j be (2 + (-30)/9)/((-7)/21). Let m(x) = -2 - 2*x + j - 4 + x. Determine m(6).
-8
Let o(y) = -2*y**2 - 13*y + 5. Let q(z) = z**2 + 2*z + 1. Let u(n) = o(n) + 3*q(n). Calculate u(6).
2
Let j(k) be the third derivative of -k**6/120 + k**5/15 - k**4/12 + k**3/6 - 3*k**2 - 100*k. Give j(4).
-7
Let v(s) = -s - 3*s - 11 + 3*s. Suppose 0 = 4*c + 4, 257*c + 37 = -5*p + 255*c. Determine v(p).
-4
Suppose 3*a - 8*a + 25 = 0. Let p(h) = 6*h - 5. Let y(l) = 5*l - 4. Let m(f) = a*y(f) - 4*p(f). Let d(b) = 4*b**2 + b + 1. Let t be d(-1). Calculate m(t).
4
Let n(p) be the first derivative of -7*p + 2 + 1/2*p**2. Calculate n(5).
-2
Let p(v) = -v**2 + 2*v - 3*v + 1 - 15. Suppose 12*z = 12*z - 12*z. Determine p(z).
-14
Let x(v) = -v**2 - 3*v - 5. Suppose -13*s + 75 = 23. Let c = -8 + s. Calculate x(c).
-9
Let j be (-3)/4*(-6 - 6). Suppose -4*p - j - 39 = 0. Let y be (-2)/((32/p)/(-4)). Let n(o) = -2*o - 2. Calculate n(y).
4
Let m(t) = 3*t + 23. Let h be m(-5). Let g(j) = -j**2 + 7*j - 7. Calculate g(h).
-15
Let w(n) be the first derivative of n**6/120 + n**5/12 - n**4/24 - n**3/3 + n**2/2 + 1. Let t(u) be the second derivative of w(u). Let f = -76 + 71. Give t(f).
3
Let p = -9 - -18. Let u be (p/(-18))/(2/(-16)). Suppose 0 = -3*n + n + u. Let m(h) = 3*h**2 - 2*h - 2. Give m(n).
6
Let f(x) = -8*x**2 - 2*x - 5*x**3 - 4*x + 5*x**3 - x**3 + 12 - 1. Determine f(-7).
4
Let a(r) = 4*r**2 - 4 - r**3 + 2*r**3 - 8*r**2. Suppose -14*w = -13*w - 5. Let b(u) = -u**2 + 8*u - 11. Let n be b(w). Give a(n).
-4
Let u(j) be the first derivative of -8 + 11*j + 1/4*j**4 - 5/6*j**3 + 1/20*j**5 + j**2. Let v(h) be the first derivative of u(h). What is v(-4)?
6
Let h(r) = -15*r + 2. Suppose 41 - 27 = l + 5*t, 2*l - t + 5 = 0. What is h(l)?
17
Let a(k) = -4*k**2 + 3*k. Let u(h) = h**2 + h. Let s(l) = a(l) - 3*u(l). Let c be 4/10 - 24/10. Let n be 3*c/6*1. What is s(n)?
-7
Let p(t) = -t**3 + 5*t**2 + 7*t + 28. Let a(l) = l**2 + 2*l - 1. Let h(m) = -4*a(m) + p(m). Give h(0).
32
Let o(i) = -27*i**3 + 3*i**2 + i + 30. Let x(g) = 28*g**3 - 4*g**2 - g - 40. Let w(j) = 4*o(j) + 3*x(j). Give w(-1).
23
Let d(h) = 21 + 12*h - 6*h + 0*h - 7*h. What is d(12)?
9
Let f(w) = -w**3 - 8*w**2 + 11. Suppose -17 = 4*i - 3*x, 4*i + 27 = 10*x - 9*x. Give f(i).
11
Let k(z) = -5*z**2 + 28*z + 5. Let l(q) = -14*q**2 + 79*q + 15. Let x(n) = -17*k(n) + 6*l(n). What is x(5)?
20
Let x = 12 - 8. Let k be (4 - x) + 0 - -3. Suppose -3*v + 1 = 4*r + 2*v, -3*r - 3*v - k = 0. Let q(y) = y**2 + 9*y + 9. What is q(r)?
-9
Let u be (188/24*-2)/(1/(-3)). Let h = 46 - u. Let t(s) = 7*s**2 - 1. Give t(h).
6
Let n(l) = 2*l - 4. Let q be n(-1). Let b(t) = t + 13. Give b(q).
7
Let c be (1 - (2 - 7))*(-4)/(-6). Let x(t) = 5*t - 1. Let g be x(1). Suppose -13 = -v - 5*j, -g*v = -v - c*j - 1. Let r(o) = -4*o + 3. Calculate r(v).
-9
Suppose -3*o = -4*o - 8. Let u be o/20 - (-124)/10. Let s(y) = 12*y - 3*y + y**2 - 16 + u. What is s(-7)?
-18
Let k = 8 - 5. Let x(b) = -k*b - b + 3*b + 31 - 27. What is x(5)?
-1
Let v(w) be the third derivative of 0*w + 2/3*w**3 - 26*w**2 + 0 + 1/8*w**4. Determine v(-6).
-14
Let p(t) = -t + 2. Suppose 2*v + 0 = 4. Let h(k) = -14*k - 4*k + 3*k - k**v. Let m be h(-15). Give p(m).
2
Let m(s) be the third derivative of 13*s**2 - 1/20*s**5 + 0*s + 0 - 7/24*s**4 + 1/120*s**6 + s**3. What is m(4)?
-6
Let t(p) = 8*p**3 + 19*p**2 + 18*p + 11. Let m(y) = 7*y**3 + 17*y**2 + 16*y + 9. Let a(s) = 7*m(s) - 6*t(s). Give a(-4).
-3
Let o(r) = r**3 - 7*r**2 - r + 4. Let x(j) = j**3 + 8*j**2 - 18*j + 27. Let t be x(-10). Determine o(t).
-3
Let r(y) = -y - 2. Let b(m) = 5*m - 6*m + 0*m - 5 + 0*m. Let d(x) = -3*b(x) + 5*r(x). Suppose 2*o + 3*w = -w - 10, -o + 3*w + 20 = 0. Calculate d(o).
-5
Let c(x) = x**2 - x + 1. Let a(m) = -19*m - 270. Let h be a(-14). Calculate c(h).
21
Let m(o) = o - 6. Suppose 29*c - 56*c + 270 = 0. Determine m(c).
4
Let f(r) = r**3 + r. Suppose 5*z - 4*g = 10, z - 8 = g - 6. What is f(z)?
10
Suppose 40 = 95*q - 87*q. Let o(k) be the second derivative of -k**3/6 + 3*k**2 + 8*k. Determine o(q).
1
Let m(b) be the third derivative of -b**6/60 - b**5/60 + 2*b**2 + 47*b. What is m(-1)?
1
Let q(r) = -20*r**2 + 3*r - 22. Let h(m) = -7*m**2 + m - 8. Let p(w) = 17*h(w) - 6*q(w). Determine p(0).
-4
Let n(q) = 88*q - 81. Let u be n(1). Let a(j) = -j - 3. Give a(u).
-10
Suppose -5*j + 8 + 22 = 0. Let a(y) be the first derivative of -y**4/4 + 2*y**3 - y**2 + 9*y + 14. What is a(j)?
-3
Let p(a) be the third derivative of a**4/24 + a**3/6 - a**2. Let m(j) be the first derivative of j**2/2 + 7*j - 18. Let i be m(-2). Calculate p(i).
6
Let a(m) = -2*m - 4 + 1 + m. Let t(h) = -6*h + 199. Let l be 